{"id":9,"date":"2019-07-01T12:47:19","date_gmt":"2019-07-01T10:47:19","guid":{"rendered":"http:\/\/gecottipe.eu\/?page_id=9"},"modified":"2021-01-18T14:20:23","modified_gmt":"2021-01-18T13:20:23","slug":"les-membres-du-geie","status":"publish","type":"page","link":"https:\/\/www.gecottipe.eu\/index.php\/les-membres-du-geie\/","title":{"rendered":"LES MEMBRES DU GEIE"},"content":{"rendered":"\n<div class=\"wp-block-image\"><figure class=\"aligncenter size-large is-resized\"><img loading=\"lazy\" decoding=\"async\" src=\"https:\/\/www.gecottipe.eu\/wp-content\/uploads\/2020\/06\/drapeau-europe.jpg\" alt=\"\" class=\"wp-image-288\" width=\"380\" height=\"254\" srcset=\"https:\/\/www.gecottipe.eu\/wp-content\/uploads\/2020\/06\/drapeau-europe.jpg 760w, https:\/\/www.gecottipe.eu\/wp-content\/uploads\/2020\/06\/drapeau-europe-300x200.jpg 300w\" sizes=\"auto, (max-width: 380px) 100vw, 380px\" \/><\/figure><\/div>\n\n\n\n<div style=\"height:20px\" aria-hidden=\"true\" class=\"wp-block-spacer\"><\/div>\n\n\n\n<p>Le <strong>GEIE GECOTTI-PE<\/strong> est statutairement compos\u00e9 de deux membres fondateurs&nbsp;: la <strong>R\u00e9gion Hauts-de-France<\/strong>&nbsp;(France) et<strong> <\/strong>la <strong>R\u00e9gion Wallonne<\/strong> (Belgique).<\/p>\n\n\n\n<p>Ces membres apportent leurs exp\u00e9riences dans la gestion de Programmes europ\u00e9ens et donnent leurs avis et directives quant aux orientations \u00e0 apporter.<\/p>\n\n\n\n<p>La <strong>R\u00e9gion Hauts-de-France<\/strong> a \u00e9t\u00e9 d\u00e9sign\u00e9e, apr\u00e8s appels \u00e0 candidatures de la Commission europ\u00e9enne, \u00ab\u00a0Autorit\u00e9 de Gestion\u00a0\u00bb des Programmes et \u00ab\u00a0Entit\u00e9 mandat\u00e9e\u00a0\u00bb de l\u2019Initiative actuellement h\u00e9berg\u00e9s au sein du <strong>GEIE GECOTTI-PE<\/strong>. <\/p>\n\n\n\n<div style=\"height:20px\" aria-hidden=\"true\" class=\"wp-block-spacer\"><\/div>\n\n\n\n<p><a href=\"https:\/\/www.wallonie.be\/fr\"><strong>Visiter le site internet de la<\/strong> <strong>R\u00e9gion Wallonne<\/strong><\/a><\/p>\n\n\n\n<p><a href=\"https:\/\/www.hautsdefrance.fr\/\"><strong>Visiter le site internet de la R\u00e9gion Hauts-de-France<\/strong><\/a><strong> <\/strong><\/p>\n\n\n\n<div style=\"height:140px\" aria-hidden=\"true\" class=\"wp-block-spacer\"><\/div>\n\n\n\n<p><\/p>\n","protected":false},"excerpt":{"rendered":"<div class=\"slide-text-bg2\"><span>Le GEIE GECOTTI-PE est statutairement compos\u00e9 de deux membres fondateurs&nbsp;: la R\u00e9gion Hauts-de-France&nbsp;(France) et la R\u00e9gion Wallonne (Belgique)<\/span><\/div>\n<div class=\"slide-btn-area-sm\"><a href=\"https:\/\/www.gecottipe.eu\/index.php\/les-membres-du-geie\/\" class=\"slide-btn-sm\">Lire la suite<\/a><\/div>\n","protected":false},"author":1,"featured_media":0,"parent":0,"menu_order":3,"comment_status":"closed","ping_status":"closed","template":"","meta":{"footnotes":""},"class_list":["post-9","page","type-page","status-publish","hentry"],"_links":{"self":[{"href":"https:\/\/www.gecottipe.eu\/index.php\/wp-json\/wp\/v2\/pages\/9","targetHints":{"allow":["GET"]}}],"collection":[{"href":"https:\/\/www.gecottipe.eu\/index.php\/wp-json\/wp\/v2\/pages"}],"about":[{"href":"https:\/\/www.gecottipe.eu\/index.php\/wp-json\/wp\/v2\/types\/page"}],"author":[{"embeddable":true,"href":"https:\/\/www.gecottipe.eu\/index.php\/wp-json\/wp\/v2\/users\/1"}],"replies":[{"embeddable":true,"href":"https:\/\/www.gecottipe.eu\/index.php\/wp-json\/wp\/v2\/comments?post=9"}],"version-history":[{"count":43,"href":"https:\/\/www.gecottipe.eu\/index.php\/wp-json\/wp\/v2\/pages\/9\/revisions"}],"predecessor-version":[{"id":411,"href":"https:\/\/www.gecottipe.eu\/index.php\/wp-json\/wp\/v2\/pages\/9\/revisions\/411"}],"wp:attachment":[{"href":"https:\/\/www.gecottipe.eu\/index.php\/wp-json\/wp\/v2\/media?parent=9"}],"curies":[{"name":"wp","href":"https:\/\/api.w.org\/{rel}","templated":true}]}}

<div class="wp-block-image"><figure class="aligncenter size-large is-resized"><img loading="lazy" decoding="async" src="https://www.gecottipe.eu/wp-content/uploads/2020/06/drapeau-europe.jpg" alt="" class="wp-image-288" width="380" height="254" srcset="https://www.gecottipe.eu/wp-content/uploads/2020/06/drapeau-europe.jpg 760w, https://www.gecottipe.eu/wp-content/uploads/2020/06/drapeau-europe-300x200.jpg 300w" sizes="auto, (max-width: 380px) 100vw, 380px" /></figure></div>



<div style="height:20px" aria-hidden="true" class="wp-block-spacer"></div>



<p>Le <strong>GEIE GECOTTI-PE</strong> est statutairement composé de deux membres fondateurs&nbsp;: la <strong>Région Hauts-de-France</strong>&nbsp;(France) et<strong> </strong>la <strong>Région Wallonne</strong> (Belgique).</p>



<p>Ces membres apportent leurs expériences dans la gestion de Programmes européens et donnent leurs avis et directives quant aux orientations à apporter.</p>



<p>La <strong>Région Hauts-de-France</strong> a été désignée, après appels à candidatures de la Commission européenne, « Autorité de Gestion » des Programmes et « Entité mandatée » de l’Initiative actuellement hébergés au sein du <strong>GEIE GECOTTI-PE</strong>. </p>



<div style="height:20px" aria-hidden="true" class="wp-block-spacer"></div>



<p><a href="https://www.wallonie.be/fr"><strong>Visiter le site internet de la</strong> <strong>Région Wallonne</strong></a></p>



<p><a href="https://www.hautsdefrance.fr/"><strong>Visiter le site internet de la Région Hauts-de-France</strong></a><strong> </strong></p>



<div style="height:140px" aria-hidden="true" class="wp-block-spacer"></div>



<p></p>

<div class="slide-text-bg2"><span>Le GEIE GECOTTI-PE est statutairement composé de deux membres fondateurs&nbsp;: la Région Hauts-de-France&nbsp;(France) et la Région Wallonne (Belgique)</span></div>
<div class="slide-btn-area-sm"><a href="https://www.gecottipe.eu/index.php/les-membres-du-geie/" class="slide-btn-sm">Lire la suite</a></div>
