{"id":11,"date":"2019-07-01T12:47:49","date_gmt":"2019-07-01T10:47:49","guid":{"rendered":"http:\/\/gecottipe.eu\/?page_id=11"},"modified":"2025-03-13T10:36:13","modified_gmt":"2025-03-13T09:36:13","slug":"les-programmes-interreg-et-linitiative-uia","status":"publish","type":"page","link":"https:\/\/www.gecottipe.eu\/index.php\/les-programmes-interreg-et-linitiative-uia\/","title":{"rendered":"LES PROGRAMMES EUROPEENS"},"content":{"rendered":"\n<p><\/p>\n\n\n\n<p>Les <strong>Programmes Interreg<\/strong> et l\u2019<strong>Initiative<\/strong> h\u00e9berg\u00e9s par le GEIE GECOTTI-PE sont les suivants<\/p>\n\n\n\n<figure class=\"wp-block-image size-full\"><img loading=\"lazy\" decoding=\"async\" width=\"679\" height=\"134\" src=\"https:\/\/www.gecottipe.eu\/wp-content\/uploads\/2025\/03\/InterregEurope-3.jpeg\" alt=\"Interreg Europe\" class=\"wp-image-528\" srcset=\"https:\/\/www.gecottipe.eu\/wp-content\/uploads\/2025\/03\/InterregEurope-3.jpeg 679w, https:\/\/www.gecottipe.eu\/wp-content\/uploads\/2025\/03\/InterregEurope-3-300x59.jpeg 300w\" sizes=\"auto, (max-width: 679px) 100vw, 679px\" \/><\/figure>\n\n\n\n<p><strong>Interreg Europe<\/strong> aide les autorit\u00e9s r\u00e9gionales et locales \u00e0 travers l&rsquo;Europe \u00e0 d\u00e9velopper de meilleures politiques publiques. En cr\u00e9ant un environnement et des opportunit\u00e9s de partage desolutions, nous veillons \u00e0 ce que les investissements publics, l&rsquo;innovation et les efforts de mise en \u0153uvre conduisent tous \u00e0 un impact int\u00e9gr\u00e9 et durable pour les citoyens et les territoires..\u00a0<\/p>\n\n\n\n<p><strong><a href=\"https:\/\/www.interregeurope.eu\">Visiter le site du Programme Interreg Europe<\/a><\/strong><\/p>\n\n\n<div class=\"wp-block-image wp-block-image aligncenter size-full is-resized\">\n<figure ><img loading=\"lazy\" decoding=\"async\" width=\"702\" height=\"158\" src=\"https:\/\/www.gecottipe.eu\/wp-content\/uploads\/2025\/03\/Interreg-North-West-Europe-3.jpeg\" alt=\"\" class=\"wp-image-532\" srcset=\"https:\/\/www.gecottipe.eu\/wp-content\/uploads\/2025\/03\/Interreg-North-West-Europe-3.jpeg 702w, https:\/\/www.gecottipe.eu\/wp-content\/uploads\/2025\/03\/Interreg-North-West-Europe-3-300x68.jpeg 300w\" sizes=\"auto, (max-width: 702px) 100vw, 702px\" \/><\/figure>\n<\/div>\n\n\n<p class=\"has-text-align-left\"><strong>Interreg Europe du Nord-Ouest <\/strong>a pour objectif de promouvoir un d\u00e9veloppement durable et \u00e9quilibr\u00e9 de la zone Europe du Nord-Ouest. En soutenant des projets de coop\u00e9ration, il vise \u00e0 rendre toutes les r\u00e9gions plus r\u00e9silientes et contribue \u00e0 une meilleure qualit\u00e9 de vie et au bien-\u00eatre de ses citoyens.<\/p>\n\n\n\n<p><a href=\"http:\/\/www.nweurope.eu\/\"><strong>Visiter le site du Programme Interreg du Nord Ouest<\/strong><\/a><\/p>\n\n\n\n<figure class=\"wp-block-gallery aligncenter has-nested-images columns-default is-cropped wp-block-gallery-1 is-layout-flex wp-block-gallery-is-layout-flex\"><div class=\"wp-block-image wp-block-image aligncenter is-resized\">\n<figure class=\"size-full\"><img loading=\"lazy\" decoding=\"async\" width=\"421\" height=\"100\" data-id=\"530\" src=\"https:\/\/www.gecottipe.eu\/wp-content\/uploads\/2025\/03\/European-Urban-Initiative-2-3.jpeg\" alt=\"\" class=\"wp-image-530\" srcset=\"https:\/\/www.gecottipe.eu\/wp-content\/uploads\/2025\/03\/European-Urban-Initiative-2-3.jpeg 421w, https:\/\/www.gecottipe.eu\/wp-content\/uploads\/2025\/03\/European-Urban-Initiative-2-3-300x71.jpeg 300w\" sizes=\"auto, (max-width: 421px) 100vw, 421px\" \/><\/figure>\n<\/div>\n\n\n<figure class=\"wp-block-image size-full\"><img loading=\"lazy\" decoding=\"async\" width=\"473\" height=\"262\" data-id=\"529\" src=\"https:\/\/www.gecottipe.eu\/wp-content\/uploads\/2025\/03\/European-Urban-Initiative-1-3.jpeg\" alt=\"\" class=\"wp-image-529\" srcset=\"https:\/\/www.gecottipe.eu\/wp-content\/uploads\/2025\/03\/European-Urban-Initiative-1-3.jpeg 473w, https:\/\/www.gecottipe.eu\/wp-content\/uploads\/2025\/03\/European-Urban-Initiative-1-3-300x166.jpeg 300w\" sizes=\"auto, (max-width: 473px) 100vw, 473px\" \/><\/figure>\n<\/figure>\n\n\n\n<p><strong>L&rsquo;Initiative Urbaine Europ\u00e9enne <\/strong>(IUE) est une initiative de l&rsquo;Union Europ\u00e9enne qui soutient les aires urbaines de toutes tailles, fournit des ressources pour tester des solutions nouvelles et innovantes aux d\u00e9fis urbains, et favorise le renforcement des capacit\u00e9s et des connaissances en mati\u00e8re de d\u00e9veloppement urbain durable.<\/p>\n\n\n\n<p><\/p>\n\n\n\n<p><a href=\"http:\/\/www.urban-initiative.eu\" data-type=\"link\" data-id=\"www.urban-initiative.eu\">Visiter le site de l\u2019Initiative Urbaine Europ\u00e9enne<\/a><\/p>\n\n\n\n<div style=\"height:42px\" aria-hidden=\"true\" class=\"wp-block-spacer\"><\/div>\n","protected":false},"excerpt":{"rendered":"<div class=\"slide-text-bg2\"><span>Les Programmes Interreg et l\u2019Initiative h\u00e9berg\u00e9s par le GEIE GECOTTI-PE sont les suivants Interreg Europe aide les autorit\u00e9s r\u00e9gionales et locales \u00e0<\/span><\/div>\n<div class=\"slide-btn-area-sm\"><a href=\"https:\/\/www.gecottipe.eu\/index.php\/les-programmes-interreg-et-linitiative-uia\/\" class=\"slide-btn-sm\">Lire la suite<\/a><\/div>\n","protected":false},"author":1,"featured_media":0,"parent":0,"menu_order":4,"comment_status":"closed","ping_status":"closed","template":"","meta":{"footnotes":""},"class_list":["post-11","page","type-page","status-publish","hentry"],"_links":{"self":[{"href":"https:\/\/www.gecottipe.eu\/index.php\/wp-json\/wp\/v2\/pages\/11","targetHints":{"allow":["GET"]}}],"collection":[{"href":"https:\/\/www.gecottipe.eu\/index.php\/wp-json\/wp\/v2\/pages"}],"about":[{"href":"https:\/\/www.gecottipe.eu\/index.php\/wp-json\/wp\/v2\/types\/page"}],"author":[{"embeddable":true,"href":"https:\/\/www.gecottipe.eu\/index.php\/wp-json\/wp\/v2\/users\/1"}],"replies":[{"embeddable":true,"href":"https:\/\/www.gecottipe.eu\/index.php\/wp-json\/wp\/v2\/comments?post=11"}],"version-history":[{"count":34,"href":"https:\/\/www.gecottipe.eu\/index.php\/wp-json\/wp\/v2\/pages\/11\/revisions"}],"predecessor-version":[{"id":557,"href":"https:\/\/www.gecottipe.eu\/index.php\/wp-json\/wp\/v2\/pages\/11\/revisions\/557"}],"wp:attachment":[{"href":"https:\/\/www.gecottipe.eu\/index.php\/wp-json\/wp\/v2\/media?parent=11"}],"curies":[{"name":"wp","href":"https:\/\/api.w.org\/{rel}","templated":true}]}}

<p></p>



<p>Les <strong>Programmes Interreg</strong> et l’<strong>Initiative</strong> hébergés par le GEIE GECOTTI-PE sont les suivants</p>



<figure class="wp-block-image size-full"><img loading="lazy" decoding="async" width="679" height="134" src="https://www.gecottipe.eu/wp-content/uploads/2025/03/InterregEurope-3.jpeg" alt="Interreg Europe" class="wp-image-528" srcset="https://www.gecottipe.eu/wp-content/uploads/2025/03/InterregEurope-3.jpeg 679w, https://www.gecottipe.eu/wp-content/uploads/2025/03/InterregEurope-3-300x59.jpeg 300w" sizes="auto, (max-width: 679px) 100vw, 679px" /></figure>



<p><strong>Interreg Europe</strong> aide les autorités régionales et locales à travers l&rsquo;Europe à développer de meilleures politiques publiques. En créant un environnement et des opportunités de partage desolutions, nous veillons à ce que les investissements publics, l&rsquo;innovation et les efforts de mise en œuvre conduisent tous à un impact intégré et durable pour les citoyens et les territoires.. </p>



<p><strong><a href="https://www.interregeurope.eu">Visiter le site du Programme Interreg Europe</a></strong></p>


<div class="wp-block-image wp-block-image aligncenter size-full is-resized">
<figure ><img loading="lazy" decoding="async" width="702" height="158" src="https://www.gecottipe.eu/wp-content/uploads/2025/03/Interreg-North-West-Europe-3.jpeg" alt="" class="wp-image-532" srcset="https://www.gecottipe.eu/wp-content/uploads/2025/03/Interreg-North-West-Europe-3.jpeg 702w, https://www.gecottipe.eu/wp-content/uploads/2025/03/Interreg-North-West-Europe-3-300x68.jpeg 300w" sizes="auto, (max-width: 702px) 100vw, 702px" /></figure>
</div>


<p class="has-text-align-left"><strong>Interreg Europe du Nord-Ouest </strong>a pour objectif de promouvoir un développement durable et équilibré de la zone Europe du Nord-Ouest. En soutenant des projets de coopération, il vise à rendre toutes les régions plus résilientes et contribue à une meilleure qualité de vie et au bien-être de ses citoyens.</p>



<p><a href="http://www.nweurope.eu/"><strong>Visiter le site du Programme Interreg du Nord Ouest</strong></a></p>



<figure class="wp-block-gallery aligncenter has-nested-images columns-default is-cropped wp-block-gallery-1 is-layout-flex wp-block-gallery-is-layout-flex"><div class="wp-block-image wp-block-image aligncenter is-resized">
<figure class="size-full"><img loading="lazy" decoding="async" width="421" height="100" data-id="530" src="https://www.gecottipe.eu/wp-content/uploads/2025/03/European-Urban-Initiative-2-3.jpeg" alt="" class="wp-image-530" srcset="https://www.gecottipe.eu/wp-content/uploads/2025/03/European-Urban-Initiative-2-3.jpeg 421w, https://www.gecottipe.eu/wp-content/uploads/2025/03/European-Urban-Initiative-2-3-300x71.jpeg 300w" sizes="auto, (max-width: 421px) 100vw, 421px" /></figure>
</div>


<figure class="wp-block-image size-full"><img loading="lazy" decoding="async" width="473" height="262" data-id="529" src="https://www.gecottipe.eu/wp-content/uploads/2025/03/European-Urban-Initiative-1-3.jpeg" alt="" class="wp-image-529" srcset="https://www.gecottipe.eu/wp-content/uploads/2025/03/European-Urban-Initiative-1-3.jpeg 473w, https://www.gecottipe.eu/wp-content/uploads/2025/03/European-Urban-Initiative-1-3-300x166.jpeg 300w" sizes="auto, (max-width: 473px) 100vw, 473px" /></figure>
</figure>



<p><strong>L&rsquo;Initiative Urbaine Européenne </strong>(IUE) est une initiative de l&rsquo;Union Européenne qui soutient les aires urbaines de toutes tailles, fournit des ressources pour tester des solutions nouvelles et innovantes aux défis urbains, et favorise le renforcement des capacités et des connaissances en matière de développement urbain durable.</p>



<p></p>



<p><a href="http://www.urban-initiative.eu" data-type="link" data-id="www.urban-initiative.eu">Visiter le site de l’Initiative Urbaine Européenne</a></p>



<div style="height:42px" aria-hidden="true" class="wp-block-spacer"></div>

<div class="slide-text-bg2"><span>Les Programmes Interreg et l’Initiative hébergés par le GEIE GECOTTI-PE sont les suivants Interreg Europe aide les autorités régionales et locales à</span></div>
<div class="slide-btn-area-sm"><a href="https://www.gecottipe.eu/index.php/les-programmes-interreg-et-linitiative-uia/" class="slide-btn-sm">Lire la suite</a></div>
